s divided by 32.
25
Calculate the remainder when 10311 is divided by 94.
65
Calculate the remainder when 244989 is divided by 88.
85
What is the remainder when 243 is divided by 14?
5
Calculate the remainder when 20705 is divided by 6641.
782
What is the remainder when 98761 is divided by 85?
76
What is the remainder when 529 is divided by 508?
21
What is the remainder when 4642 is divided by 521?
474
Calculate the remainder when 5463714 is divided by 23.
18
Calculate the remainder when 14290 is divided by 6426.
1438
What is the remainder when 379679 is divided by 226?
225
Calculate the remainder when 835 is divided by 340.
155
Calculate the remainder when 7456 is divided by 285.
46
Calculate the remainder when 42094 is divided by 781.
701
Calculate the remainder when 4225 is divided by 3262.
963
What is the remainder when 1242023 is divided by 12?
11
What is the remainder when 571 is divided by 109?
26
Calculate the remainder when 5945088 is divided by 1373.
1371
Calculate the remainder when 692787 is divided by 35.
32
What is the remainder when 12365 is divided by 375?
365
Calculate the remainder when 2541479 is divided by 9.
5
Calculate the remainder when 47191 is divided by 236.
227
Calculate the remainder when 2167 is divided by 687.
106
Calculate the remainder when 5716 is divided by 65.
61
What is the remainder when 30246 is divided by 13?
8
What is the remainder when 80766 is divided by 139?
7
What is the remainder when 7728 is divided by 305?
103
What is the remainder when 11155 is divided by 3713?
16
Calculate the remainder when 30205 is divided by 141.
31
What is the remainder when 72868 is divided by 12?
4
What is the remainder when 45784 is divided by 790?
754
What is the remainder when 361 is divided by 282?
79
Calculate the remainder when 226438 is divided by 17.
15
Calculate the remainder when 65829 is divided by 22.
5
Calculate the remainder when 319599 is divided by 1175.
1174
Calculate the remainder when 1986897 is divided by 1618.
1611
What is the remainder when 168 is divided by 33?
3
What is the remainder when 772797 is divided by 24?
21
Calculate the remainder when 106688 is divided by 435.
113
Calculate the remainder when 847 is divided by 300.
247
What is the remainder when 106126 is divided by 268?
266
What is the remainder when 2116 is divided by 723?
670
What is the remainder when 3516354 is divided by 703269?
9
Calculate the remainder when 455 is divided by 326.
129
What is the remainder when 18856 is divided by 28?
12
Calculate the remainder when 20117 is divided by 275.
42
What is the remainder when 1078 is divided by 877?
201
Calculate the remainder when 17905 is divided by 344.
17
What is the remainder when 145599 is divided by 100?
99
What is the remainder when 3288 is divided by 181?
30
Calculate the remainder when 24311 is divided by 103.
3
Calculate the remainder when 4034 is divided by 521.
387
Calculate the remainder when 3525 is divided by 84.
81
What is the remainder when 88399 is divided by 40?
39
Calculate the remainder when 5875 is divided by 46.
33
What is the remainder when 6923 is divided by 484?
147
What is the remainder when 56 is divided by 21?
14
What is the remainder when 1580251 is divided by 118?
113
Calculate the remainder when 161260 is divided by 1536.
1516
What is the remainder when 4854 is divided by 13?
5
Calculate the remainder when 1428 is divided by 68.
0
What is the remainder when 2248 is divided by 602?
442
What is the remainder when 4314 is divided by 2151?
12
Calculate the remainder when 15383 is divided by 181.
179
Calculate the remainder when 1237 is divided by 14.
5
What is the remainder when 56969 is divided by 18886?
311
Calculate the remainder when 17388 is divided by 93.
90
Calculate the remainder when 14977 is divided by 28.
25
Calculate the remainder when 529497 is divided by 750.
747
Calculate the remainder when 1198646 is divided by 17627.
10
Calculate the remainder when 9605 is divided by 62.
57
Calculate the remainder when 1933033 is divided by 868.
865
Calculate the remainder when 259665 is divided by 814.
813
Calculate the remainder when 7496 is divided by 250.
246
Calculate the remainder when 176984 is divided by 285.
284
Calculate the remainder when 13887 is divided by 1155.
27
What is the remainder when 66811 is divided by 50?
11
What is the remainder when 3982 is divided by 30?
22
Calculate the remainder when 34669 is divided by 2.
1
What is the remainder when 32746 is divided by 10897?
55
Calculate the remainder when 45201 is divided by 6.
3
What is the remainder when 47821 is divided by 6830?
11
Calculate the remainder when 378 is divided by 48.
42
Calculate the remainder when 19623 is divided by 9807.
9
Calculate the remainder when 9960 is divided by 2379.
444
What is the remainder when 6637 is divided by 205?
77
What is the remainder when 66901 is divided by 534?
151
What is the remainder when 273617 is divided by 486?
485
Calculate the remainder when 14996 is divided by 264.
212
What is the remainder when 7562515 is divided by 52?
51
What is the remainder when 203644 is divided by 64?
60
What is the remainder when 66520 is divided by 71?
64
What is the remainder when 168588 is divided by 61?
45
What is the remainder when 402863 is divided by 11?
10
What is the remainder when 106121 is divided by 73?
52
What is the remainder when 26172 is divided by 444?
420
What is the remainder when 2784 is divided by 833?
285
Calculate the remainder when 135205 is divided by 411.
397
What is the remainder when 3850 is divided by 57?
31
What is the remainder when 2730877 is divided by 64?
61
Calculate the remainder when 224270 is divided by 112134.
2
What is the remainder when 113976 is divided by 56984?
8
What is the remainder when 231120 is divided by 4?
0
What is the remainder when 33863 is divided by 332?
331
Calculate the remainder when 410 is divided by 23.
19
Calculate the remainder when 50848 is divided by 50.
48
What is the remainder when 26678 is divided by 112?
22
Calculate the remainder when 3714 is divided by 1150.
264
Calculate the remainder when 19072 is divided by 6338.
58
What is the remainder when 3422187 is divided by 10?
7
What is the remainder when 481642 is divided by 12?
10
What is the remainder when 15013 is divided by 654?
625
What is the remainder when 1282154 is divided by 114?
110
What is the remainder when 1055204 is divided by 15?
14
Calculate the remainder when 17500 is divided by 5654.
538
Calculate the remainder when 39748 is divided by 735.
58
Calculate the remainder when 1881374 is divided by 375.
374
What is the remainder when 192688 is divided by 30?
28
Calculate the remainder when 631473 is divided by 1294.
1
What is the remainder when 39392 is divided by 963?
872
Calculate the remainder when 7358 is divided by 3655.
48
What is the remainder when 9637 is divided by 757?
553
Calculate the remainder when 6803 is divided by 45.
8
Calculate the remainder when 10889 is divided by 99.
98
What is the remainder when 17772 is divided by 80?
12
What is the remainder when 26871 is divided by 87?
75
Calculate the remainder when 3089 is divided by 26.
21
What is the remainder when 12174 is divided by 174?
168
What is the remainder when 565302 is divided by 968?
958
Calculate the remainder when 218230 is divided by 42.
40
What is the remainder when 69464 is divided by 26?
18
Calculate the remainder when 480522 is divided by 67.
65
What is the remainder when 53144 is divided by 10625?
19
Calculate the remainder when 5322 is divided by 205.
197
Calculate the remainder when 47363 is divided by 31.
26
What is the remainder when 33038 is divided by 35?
33
What is the remainder when 1525 is divided by 32?
21
Calculate the remainder when 79359 is divided by 64.
63
Calculate the remainder when 16388 is divided by 5459.
11
What is the remainder when 57032 is divided by 97?
93
What is the remainder when 125184 is divided by 55?
4
Calculate the remainder when 125273 is divided by 10439.
5
What is the remainder when 1076756 is divided by 54?
50
What is the remainder when 184013 is divided by 184004?
9
What is the remainder when 37719 is divided by 710?
89
What is the remainder when 34682 is divided by 24?
2
Calculate the remainder when 6496 is divided b